{"id":7,"date":"2024-02-22T22:40:12","date_gmt":"2024-02-22T22:40:12","guid":{"rendered":"https:\/\/pauca.com.ar\/?page_id=7"},"modified":"2024-03-26T03:26:10","modified_gmt":"2024-03-26T03:26:10","slug":"inicio","status":"publish","type":"page","link":"https:\/\/pauca.com.ar\/","title":{"rendered":"INICIO"},"content":{"rendered":"\n<div class=\"wp-block-columns is-layout-flex wp-container-core-columns-is-layout-28f84493 wp-block-columns-is-layout-flex\">\n<div class=\"wp-block-column is-layout-flow wp-block-column-is-layout-flow\">\n<h4 class=\"wp-block-heading\">\u00a1Hola!, soy Paula Cavadas <\/h4>\n\n\n\n<p>Fot\u00f3grafa especializada en retrato.<\/p>\n\n\n\n<p>Amo los retratos despojados, aut\u00e9nticos, con car\u00e1cter, y originales.<\/p>\n\n\n\n<p>Mi objetivo es capturar la esencia de las personas, ayudarlas a redescubrir su belleza, sentirse valoradas, y que aprecien su singularidad.<\/p>\n\n\n\n<p>Mis retratos no son s\u00f3lo im\u00e1genes, son historias visuales, que reflejan la vida, las experiencias y las emociones de cada individuo; visualmente impactantes; que conectan con aquellos, que se detienen a mirar.<\/p>\n<\/div>\n\n\n\n<div class=\"wp-block-column is-layout-flow wp-block-column-is-layout-flow\">\n<figure class=\"wp-block-image size-large is-resized\"><img loading=\"lazy\" decoding=\"async\" width=\"683\" height=\"1024\" src=\"https:\/\/pauca.com.ar\/wp-content\/uploads\/2024\/02\/1H8A9809A-683x1024.jpg\" alt=\"\" class=\"wp-image-8\" style=\"aspect-ratio:0.6666666666666666;object-fit:cover;width:457px;height:auto\" srcset=\"https:\/\/pauca.com.ar\/wp-content\/uploads\/2024\/02\/1H8A9809A-683x1024.jpg 683w, https:\/\/pauca.com.ar\/wp-content\/uploads\/2024\/02\/1H8A9809A-200x300.jpg 200w, https:\/\/pauca.com.ar\/wp-content\/uploads\/2024\/02\/1H8A9809A-768x1152.jpg 768w, https:\/\/pauca.com.ar\/wp-content\/uploads\/2024\/02\/1H8A9809A-1024x1536.jpg 1024w, https:\/\/pauca.com.ar\/wp-content\/uploads\/2024\/02\/1H8A9809A-1140x1710.jpg 1140w, https:\/\/pauca.com.ar\/wp-content\/uploads\/2024\/02\/1H8A9809A.jpg 1365w\" sizes=\"auto, (max-width: 683px) 100vw, 683px\" \/><\/figure>\n<\/div>\n<\/div>\n\n\n\n<div class=\"wp-block-buttons is-layout-flex wp-block-buttons-is-layout-flex\">\n<div class=\"wp-block-button\"><a class=\"wp-block-button__link wp-element-button\" href=\"https:\/\/pauca.com.ar\/?page_id=22\">M\u00e1s sobre mi<\/a><\/div>\n<\/div>\n","protected":false},"excerpt":{"rendered":"<p>\u00a1Hola!, soy Paula Cavadas Fot\u00f3grafa especializada en retrato. Amo los retratos despojados, aut\u00e9nticos, con car\u00e1cter, y originales. Mi objetivo es capturar la esencia de las personas, ayudarlas a redescubrir su belleza, sentirse valoradas, y que aprecien su singularidad. Mis retratos no son s\u00f3lo im\u00e1genes, son historias visuales, que reflejan la vida, las experiencias y las emociones de cada individuo; visualmente impactantes; que conectan con aquellos, que se detienen a mirar.<\/p>\n","protected":false},"author":1,"featured_media":0,"parent":0,"menu_order":0,"comment_status":"closed","ping_status":"open","template":"","meta":{"footnotes":""},"class_list":["post-7","page","type-page","status-publish","hentry"],"_links":{"self":[{"href":"https:\/\/pauca.com.ar\/index.php?rest_route=\/wp\/v2\/pages\/7","targetHints":{"allow":["GET"]}}],"collection":[{"href":"https:\/\/pauca.com.ar\/index.php?rest_route=\/wp\/v2\/pages"}],"about":[{"href":"https:\/\/pauca.com.ar\/index.php?rest_route=\/wp\/v2\/types\/page"}],"author":[{"embeddable":true,"href":"https:\/\/pauca.com.ar\/index.php?rest_route=\/wp\/v2\/users\/1"}],"replies":[{"embeddable":true,"href":"https:\/\/pauca.com.ar\/index.php?rest_route=%2Fwp%2Fv2%2Fcomments&post=7"}],"version-history":[{"count":11,"href":"https:\/\/pauca.com.ar\/index.php?rest_route=\/wp\/v2\/pages\/7\/revisions"}],"predecessor-version":[{"id":325,"href":"https:\/\/pauca.com.ar\/index.php?rest_route=\/wp\/v2\/pages\/7\/revisions\/325"}],"wp:attachment":[{"href":"https:\/\/pauca.com.ar\/index.php?rest_route=%2Fwp%2Fv2%2Fmedia&parent=7"}],"curies":[{"name":"wp","href":"https:\/\/api.w.org\/{rel}","templated":true}]}}