{"id":46,"date":"2024-02-25T22:31:34","date_gmt":"2024-02-25T22:31:34","guid":{"rendered":"https:\/\/pauca.com.ar\/?page_id=46"},"modified":"2024-03-11T21:51:23","modified_gmt":"2024-03-11T21:51:23","slug":"familiar","status":"publish","type":"page","link":"https:\/\/pauca.com.ar\/?page_id=46","title":{"rendered":"Familiar"},"content":{"rendered":"\n<p>En \u00e9sta Sesi\u00f3n de Fotos, se toman fotograf\u00edas tanto de cada uno de sus integrantes, de manera individual, como de a grupos, buscando la interacci\u00f3n entre la familia, logrando as\u00ed retratos llenos de emoci\u00f3n, y alegr\u00eda, que vivir\u00e1n por siempre en tu familia.<\/p>\n\n\n\n<p>\u00bfC\u00d3MO ES LA SESI\u00d3N?<\/p>\n\n\n\n<p>Tiene una duraci\u00f3n estimada de 60 a 90 minutos. Tenemos una entrevista previa, donde definimos los detalles del set, el vestuario, y la din\u00e1mica de trabajo. Los guiar\u00e9 en las poses, para tener los retratos m\u00e1s lindos. El d\u00eda de las fotos, todo estar\u00e1 listo, para comenzar, sin demoras.<\/p>\n\n\n\n<p>CANTIDAD DE FOTOS Y ENTREGA<\/p>\n\n\n\n<p>Te entrego 15 fotos editadas, en alta calidad.<\/p>\n\n\n\n<p>Tendr\u00e1s la posibilidad de agregar, de manera opcional, fotos extras al paquete; as\u00ed como tambi\u00e9n, productos impresos: fotolibros, contenedores de fotos, fotocuadros, impresiones, \u00a1y m\u00e1s!.<\/p>\n\n\n\n<p>VESTUARIO<\/p>\n\n\n\n<p>Se realizan 2 cambios de vestuario, no inclu\u00eddo. Te asesoro respecto de cu\u00e1l es el m\u00e1s adecuado, para tu familia. El Estudio cuenta con cambiador, elementos de aseo.<\/p>\n\n\n\n<p>Maquillaje y peinado opcional, muy recomendable para las ni\u00f1as, a partir de los 6 a\u00f1os, y para las mam\u00e1s; le dar\u00e1 un acabado perfecto a tus fotograf\u00edas.<\/p>\n\n\n\n<p>FORMA DE TRABAJO<\/p>\n\n\n\n<p>Dentro de las 72hs posteriores a la realizaci\u00f3n de la Sesi\u00f3n de Fotos, recibir\u00e1s un muestrario, con todas las fotograf\u00edas, sin editar, con marca de agua, para que hagas la selecci\u00f3n, de las fotos finalistas.<\/p>\n\n\n\n<p>Una vez elegidas, deber\u00e1s enviarme los n\u00fameros por E-Mail o por Whatsapp; all\u00ed comienzo el proceso de edici\u00f3n, que puede demorar de 10 a 15 d\u00edas<\/p>\n\n\n\n<p>FORMA DE PAGO Y ENTREGA<\/p>\n\n\n\n<p>El material final editado, se entrega v\u00eda We Transfer o Google Drive, con link de descarga.<\/p>\n\n\n\n<p>Podr\u00e1s abonar con dep\u00f3sito o transferencia bancaria, 50% para reserva de la fecha, 50% hasta 24hs antes de la Sesi\u00f3n.<\/p>\n\n\n\n<p><em>Todos los precios, est\u00e1n sujetos a cambios sin previo aviso<\/em><\/p>\n\n\n\n<p><strong>NOTA: Ante la existencia de alg\u00fan hecho que impidiera la realizaci\u00f3n de la sesi\u00f3n contratada en la fecha prevista, la se\u00f1a abonada ser\u00e1 imputada a la realizaci\u00f3n de futura sesi\u00f3n dentro de los 12 meses posteriores a la fecha de pago de la misma y a cuenta de precio vigente de dicha sesi\u00f3n al momento de realizarse.<\/strong><strong><\/strong><\/p>\n\n\n\n<figure class=\"wp-block-gallery has-nested-images columns-default is-cropped wp-block-gallery-1 is-layout-flex wp-block-gallery-is-layout-flex\">\n<figure data-wp-context=\"{&quot;imageId&quot;:&quot;69e388101d589&quot;}\" data-wp-interactive=\"core\/image\" data-wp-key=\"69e388101d589\" class=\"wp-block-image size-large wp-lightbox-container\"><img loading=\"lazy\" decoding=\"async\" width=\"1024\" height=\"683\" data-wp-class--hide=\"state.isContentHidden\" data-wp-class--show=\"state.isContentVisible\" data-wp-init=\"callbacks.setButtonStyles\" data-wp-on--click=\"actions.showLightbox\" data-wp-on--load=\"callbacks.setButtonStyles\" data-wp-on-window--resize=\"callbacks.setButtonStyles\" data-id=\"87\" src=\"https:\/\/pauca.com.ar\/wp-content\/uploads\/2024\/03\/1H8A2445A-1024x683.jpg\" alt=\"\" class=\"wp-image-87\" srcset=\"https:\/\/pauca.com.ar\/wp-content\/uploads\/2024\/03\/1H8A2445A-1024x683.jpg 1024w, https:\/\/pauca.com.ar\/wp-content\/uploads\/2024\/03\/1H8A2445A-300x200.jpg 300w, https:\/\/pauca.com.ar\/wp-content\/uploads\/2024\/03\/1H8A2445A-768x512.jpg 768w, https:\/\/pauca.com.ar\/wp-content\/uploads\/2024\/03\/1H8A2445A-1536x1024.jpg 1536w, https:\/\/pauca.com.ar\/wp-content\/uploads\/2024\/03\/1H8A2445A-1140x760.jpg 1140w, https:\/\/pauca.com.ar\/wp-content\/uploads\/2024\/03\/1H8A2445A.jpg 2048w\" sizes=\"auto, (max-width: 1024px) 100vw, 1024px\" \/><button\n\t\t\tclass=\"lightbox-trigger\"\n\t\t\ttype=\"button\"\n\t\t\taria-haspopup=\"dialog\"\n\t\t\taria-label=\"Agrandar\"\n\t\t\tdata-wp-init=\"callbacks.initTriggerButton\"\n\t\t\tdata-wp-on--click=\"actions.showLightbox\"\n\t\t\tdata-wp-style--right=\"state.imageButtonRight\"\n\t\t\tdata-wp-style--top=\"state.imageButtonTop\"\n\t\t>\n\t\t\t<svg xmlns=\"http:\/\/www.w3.org\/2000\/svg\" width=\"12\" height=\"12\" fill=\"none\" viewBox=\"0 0 12 12\">\n\t\t\t\t<path fill=\"#fff\" d=\"M2 0a2 2 0 0 0-2 2v2h1.5V2a.5.5 0 0 1 .5-.5h2V0H2Zm2 10.5H2a.5.5 0 0 1-.5-.5V8H0v2a2 2 0 0 0 2 2h2v-1.5ZM8 12v-1.5h2a.5.5 0 0 0 .5-.5V8H12v2a2 2 0 0 1-2 2H8Zm2-12a2 2 0 0 1 2 2v2h-1.5V2a.5.5 0 0 0-.5-.5H8V0h2Z\" \/>\n\t\t\t<\/svg>\n\t\t<\/button><\/figure>\n\n\n\n<figure data-wp-context=\"{&quot;imageId&quot;:&quot;69e388101e1cd&quot;}\" data-wp-interactive=\"core\/image\" data-wp-key=\"69e388101e1cd\" class=\"wp-block-image size-large wp-lightbox-container\"><img loading=\"lazy\" decoding=\"async\" width=\"1024\" height=\"683\" data-wp-class--hide=\"state.isContentHidden\" data-wp-class--show=\"state.isContentVisible\" data-wp-init=\"callbacks.setButtonStyles\" data-wp-on--click=\"actions.showLightbox\" data-wp-on--load=\"callbacks.setButtonStyles\" data-wp-on-window--resize=\"callbacks.setButtonStyles\" data-id=\"88\" src=\"https:\/\/pauca.com.ar\/wp-content\/uploads\/2024\/03\/1H8A2497A-1024x683.jpg\" alt=\"\" class=\"wp-image-88\" srcset=\"https:\/\/pauca.com.ar\/wp-content\/uploads\/2024\/03\/1H8A2497A-1024x683.jpg 1024w, https:\/\/pauca.com.ar\/wp-content\/uploads\/2024\/03\/1H8A2497A-300x200.jpg 300w, https:\/\/pauca.com.ar\/wp-content\/uploads\/2024\/03\/1H8A2497A-768x512.jpg 768w, https:\/\/pauca.com.ar\/wp-content\/uploads\/2024\/03\/1H8A2497A-1536x1024.jpg 1536w, https:\/\/pauca.com.ar\/wp-content\/uploads\/2024\/03\/1H8A2497A-1140x760.jpg 1140w, https:\/\/pauca.com.ar\/wp-content\/uploads\/2024\/03\/1H8A2497A.jpg 2048w\" sizes=\"auto, (max-width: 1024px) 100vw, 1024px\" \/><button\n\t\t\tclass=\"lightbox-trigger\"\n\t\t\ttype=\"button\"\n\t\t\taria-haspopup=\"dialog\"\n\t\t\taria-label=\"Agrandar\"\n\t\t\tdata-wp-init=\"callbacks.initTriggerButton\"\n\t\t\tdata-wp-on--click=\"actions.showLightbox\"\n\t\t\tdata-wp-style--right=\"state.imageButtonRight\"\n\t\t\tdata-wp-style--top=\"state.imageButtonTop\"\n\t\t>\n\t\t\t<svg xmlns=\"http:\/\/www.w3.org\/2000\/svg\" width=\"12\" height=\"12\" fill=\"none\" viewBox=\"0 0 12 12\">\n\t\t\t\t<path fill=\"#fff\" d=\"M2 0a2 2 0 0 0-2 2v2h1.5V2a.5.5 0 0 1 .5-.5h2V0H2Zm2 10.5H2a.5.5 0 0 1-.5-.5V8H0v2a2 2 0 0 0 2 2h2v-1.5ZM8 12v-1.5h2a.5.5 0 0 0 .5-.5V8H12v2a2 2 0 0 1-2 2H8Zm2-12a2 2 0 0 1 2 2v2h-1.5V2a.5.5 0 0 0-.5-.5H8V0h2Z\" \/>\n\t\t\t<\/svg>\n\t\t<\/button><\/figure>\n\n\n\n<figure data-wp-context=\"{&quot;imageId&quot;:&quot;69e388101ee98&quot;}\" data-wp-interactive=\"core\/image\" data-wp-key=\"69e388101ee98\" class=\"wp-block-image size-large wp-lightbox-container\"><img loading=\"lazy\" decoding=\"async\" width=\"1024\" height=\"683\" data-wp-class--hide=\"state.isContentHidden\" data-wp-class--show=\"state.isContentVisible\" data-wp-init=\"callbacks.setButtonStyles\" data-wp-on--click=\"actions.showLightbox\" data-wp-on--load=\"callbacks.setButtonStyles\" data-wp-on-window--resize=\"callbacks.setButtonStyles\" data-id=\"89\" src=\"https:\/\/pauca.com.ar\/wp-content\/uploads\/2024\/03\/1H8A2502A-1024x683.jpg\" alt=\"\" class=\"wp-image-89\" srcset=\"https:\/\/pauca.com.ar\/wp-content\/uploads\/2024\/03\/1H8A2502A-1024x683.jpg 1024w, https:\/\/pauca.com.ar\/wp-content\/uploads\/2024\/03\/1H8A2502A-300x200.jpg 300w, https:\/\/pauca.com.ar\/wp-content\/uploads\/2024\/03\/1H8A2502A-768x512.jpg 768w, https:\/\/pauca.com.ar\/wp-content\/uploads\/2024\/03\/1H8A2502A-1536x1025.jpg 1536w, https:\/\/pauca.com.ar\/wp-content\/uploads\/2024\/03\/1H8A2502A-1140x760.jpg 1140w, https:\/\/pauca.com.ar\/wp-content\/uploads\/2024\/03\/1H8A2502A.jpg 2048w\" sizes=\"auto, (max-width: 1024px) 100vw, 1024px\" \/><button\n\t\t\tclass=\"lightbox-trigger\"\n\t\t\ttype=\"button\"\n\t\t\taria-haspopup=\"dialog\"\n\t\t\taria-label=\"Agrandar\"\n\t\t\tdata-wp-init=\"callbacks.initTriggerButton\"\n\t\t\tdata-wp-on--click=\"actions.showLightbox\"\n\t\t\tdata-wp-style--right=\"state.imageButtonRight\"\n\t\t\tdata-wp-style--top=\"state.imageButtonTop\"\n\t\t>\n\t\t\t<svg xmlns=\"http:\/\/www.w3.org\/2000\/svg\" width=\"12\" height=\"12\" fill=\"none\" viewBox=\"0 0 12 12\">\n\t\t\t\t<path fill=\"#fff\" d=\"M2 0a2 2 0 0 0-2 2v2h1.5V2a.5.5 0 0 1 .5-.5h2V0H2Zm2 10.5H2a.5.5 0 0 1-.5-.5V8H0v2a2 2 0 0 0 2 2h2v-1.5ZM8 12v-1.5h2a.5.5 0 0 0 .5-.5V8H12v2a2 2 0 0 1-2 2H8Zm2-12a2 2 0 0 1 2 2v2h-1.5V2a.5.5 0 0 0-.5-.5H8V0h2Z\" \/>\n\t\t\t<\/svg>\n\t\t<\/button><\/figure>\n\n\n\n<figure data-wp-context=\"{&quot;imageId&quot;:&quot;69e3881020511&quot;}\" data-wp-interactive=\"core\/image\" data-wp-key=\"69e3881020511\" class=\"wp-block-image size-large wp-lightbox-container\"><img loading=\"lazy\" decoding=\"async\" width=\"1024\" height=\"683\" data-wp-class--hide=\"state.isContentHidden\" data-wp-class--show=\"state.isContentVisible\" data-wp-init=\"callbacks.setButtonStyles\" data-wp-on--click=\"actions.showLightbox\" data-wp-on--load=\"callbacks.setButtonStyles\" data-wp-on-window--resize=\"callbacks.setButtonStyles\" data-id=\"90\" src=\"https:\/\/pauca.com.ar\/wp-content\/uploads\/2024\/03\/1H8A6180A-1024x683.jpg\" alt=\"\" class=\"wp-image-90\" srcset=\"https:\/\/pauca.com.ar\/wp-content\/uploads\/2024\/03\/1H8A6180A-1024x683.jpg 1024w, https:\/\/pauca.com.ar\/wp-content\/uploads\/2024\/03\/1H8A6180A-300x200.jpg 300w, https:\/\/pauca.com.ar\/wp-content\/uploads\/2024\/03\/1H8A6180A-768x512.jpg 768w, https:\/\/pauca.com.ar\/wp-content\/uploads\/2024\/03\/1H8A6180A-1536x1024.jpg 1536w, https:\/\/pauca.com.ar\/wp-content\/uploads\/2024\/03\/1H8A6180A-1140x760.jpg 1140w, https:\/\/pauca.com.ar\/wp-content\/uploads\/2024\/03\/1H8A6180A.jpg 2048w\" sizes=\"auto, (max-width: 1024px) 100vw, 1024px\" \/><button\n\t\t\tclass=\"lightbox-trigger\"\n\t\t\ttype=\"button\"\n\t\t\taria-haspopup=\"dialog\"\n\t\t\taria-label=\"Agrandar\"\n\t\t\tdata-wp-init=\"callbacks.initTriggerButton\"\n\t\t\tdata-wp-on--click=\"actions.showLightbox\"\n\t\t\tdata-wp-style--right=\"state.imageButtonRight\"\n\t\t\tdata-wp-style--top=\"state.imageButtonTop\"\n\t\t>\n\t\t\t<svg xmlns=\"http:\/\/www.w3.org\/2000\/svg\" width=\"12\" height=\"12\" fill=\"none\" viewBox=\"0 0 12 12\">\n\t\t\t\t<path fill=\"#fff\" d=\"M2 0a2 2 0 0 0-2 2v2h1.5V2a.5.5 0 0 1 .5-.5h2V0H2Zm2 10.5H2a.5.5 0 0 1-.5-.5V8H0v2a2 2 0 0 0 2 2h2v-1.5ZM8 12v-1.5h2a.5.5 0 0 0 .5-.5V8H12v2a2 2 0 0 1-2 2H8Zm2-12a2 2 0 0 1 2 2v2h-1.5V2a.5.5 0 0 0-.5-.5H8V0h2Z\" \/>\n\t\t\t<\/svg>\n\t\t<\/button><\/figure>\n\n\n\n<figure data-wp-context=\"{&quot;imageId&quot;:&quot;69e3881021455&quot;}\" data-wp-interactive=\"core\/image\" data-wp-key=\"69e3881021455\" class=\"wp-block-image size-large wp-lightbox-container\"><img loading=\"lazy\" decoding=\"async\" width=\"1024\" height=\"683\" data-wp-class--hide=\"state.isContentHidden\" data-wp-class--show=\"state.isContentVisible\" data-wp-init=\"callbacks.setButtonStyles\" data-wp-on--click=\"actions.showLightbox\" data-wp-on--load=\"callbacks.setButtonStyles\" data-wp-on-window--resize=\"callbacks.setButtonStyles\" data-id=\"91\" src=\"https:\/\/pauca.com.ar\/wp-content\/uploads\/2024\/03\/1H8A7001A-1024x683.jpg\" alt=\"\" class=\"wp-image-91\" srcset=\"https:\/\/pauca.com.ar\/wp-content\/uploads\/2024\/03\/1H8A7001A-1024x683.jpg 1024w, https:\/\/pauca.com.ar\/wp-content\/uploads\/2024\/03\/1H8A7001A-300x200.jpg 300w, https:\/\/pauca.com.ar\/wp-content\/uploads\/2024\/03\/1H8A7001A-768x512.jpg 768w, https:\/\/pauca.com.ar\/wp-content\/uploads\/2024\/03\/1H8A7001A-1536x1024.jpg 1536w, https:\/\/pauca.com.ar\/wp-content\/uploads\/2024\/03\/1H8A7001A-1140x760.jpg 1140w, https:\/\/pauca.com.ar\/wp-content\/uploads\/2024\/03\/1H8A7001A.jpg 2048w\" sizes=\"auto, (max-width: 1024px) 100vw, 1024px\" \/><button\n\t\t\tclass=\"lightbox-trigger\"\n\t\t\ttype=\"button\"\n\t\t\taria-haspopup=\"dialog\"\n\t\t\taria-label=\"Agrandar\"\n\t\t\tdata-wp-init=\"callbacks.initTriggerButton\"\n\t\t\tdata-wp-on--click=\"actions.showLightbox\"\n\t\t\tdata-wp-style--right=\"state.imageButtonRight\"\n\t\t\tdata-wp-style--top=\"state.imageButtonTop\"\n\t\t>\n\t\t\t<svg xmlns=\"http:\/\/www.w3.org\/2000\/svg\" width=\"12\" height=\"12\" fill=\"none\" viewBox=\"0 0 12 12\">\n\t\t\t\t<path fill=\"#fff\" d=\"M2 0a2 2 0 0 0-2 2v2h1.5V2a.5.5 0 0 1 .5-.5h2V0H2Zm2 10.5H2a.5.5 0 0 1-.5-.5V8H0v2a2 2 0 0 0 2 2h2v-1.5ZM8 12v-1.5h2a.5.5 0 0 0 .5-.5V8H12v2a2 2 0 0 1-2 2H8Zm2-12a2 2 0 0 1 2 2v2h-1.5V2a.5.5 0 0 0-.5-.5H8V0h2Z\" \/>\n\t\t\t<\/svg>\n\t\t<\/button><\/figure>\n\n\n\n<figure data-wp-context=\"{&quot;imageId&quot;:&quot;69e3881022242&quot;}\" data-wp-interactive=\"core\/image\" data-wp-key=\"69e3881022242\" class=\"wp-block-image size-large wp-lightbox-container\"><img loading=\"lazy\" decoding=\"async\" width=\"1024\" height=\"683\" data-wp-class--hide=\"state.isContentHidden\" data-wp-class--show=\"state.isContentVisible\" data-wp-init=\"callbacks.setButtonStyles\" data-wp-on--click=\"actions.showLightbox\" data-wp-on--load=\"callbacks.setButtonStyles\" data-wp-on-window--resize=\"callbacks.setButtonStyles\" data-id=\"92\" src=\"https:\/\/pauca.com.ar\/wp-content\/uploads\/2024\/03\/1H8A7904A-1024x683.jpg\" alt=\"\" class=\"wp-image-92\" srcset=\"https:\/\/pauca.com.ar\/wp-content\/uploads\/2024\/03\/1H8A7904A-1024x683.jpg 1024w, https:\/\/pauca.com.ar\/wp-content\/uploads\/2024\/03\/1H8A7904A-300x200.jpg 300w, https:\/\/pauca.com.ar\/wp-content\/uploads\/2024\/03\/1H8A7904A-768x512.jpg 768w, https:\/\/pauca.com.ar\/wp-content\/uploads\/2024\/03\/1H8A7904A-1536x1024.jpg 1536w, https:\/\/pauca.com.ar\/wp-content\/uploads\/2024\/03\/1H8A7904A-1140x760.jpg 1140w, https:\/\/pauca.com.ar\/wp-content\/uploads\/2024\/03\/1H8A7904A.jpg 2048w\" sizes=\"auto, (max-width: 1024px) 100vw, 1024px\" \/><button\n\t\t\tclass=\"lightbox-trigger\"\n\t\t\ttype=\"button\"\n\t\t\taria-haspopup=\"dialog\"\n\t\t\taria-label=\"Agrandar\"\n\t\t\tdata-wp-init=\"callbacks.initTriggerButton\"\n\t\t\tdata-wp-on--click=\"actions.showLightbox\"\n\t\t\tdata-wp-style--right=\"state.imageButtonRight\"\n\t\t\tdata-wp-style--top=\"state.imageButtonTop\"\n\t\t>\n\t\t\t<svg xmlns=\"http:\/\/www.w3.org\/2000\/svg\" width=\"12\" height=\"12\" fill=\"none\" viewBox=\"0 0 12 12\">\n\t\t\t\t<path fill=\"#fff\" d=\"M2 0a2 2 0 0 0-2 2v2h1.5V2a.5.5 0 0 1 .5-.5h2V0H2Zm2 10.5H2a.5.5 0 0 1-.5-.5V8H0v2a2 2 0 0 0 2 2h2v-1.5ZM8 12v-1.5h2a.5.5 0 0 0 .5-.5V8H12v2a2 2 0 0 1-2 2H8Zm2-12a2 2 0 0 1 2 2v2h-1.5V2a.5.5 0 0 0-.5-.5H8V0h2Z\" \/>\n\t\t\t<\/svg>\n\t\t<\/button><\/figure>\n<\/figure>\n","protected":false},"excerpt":{"rendered":"<p>En \u00e9sta Sesi\u00f3n de Fotos, se toman fotograf\u00edas tanto de cada uno de sus integrantes, de manera individual, como de a grupos, buscando la interacci\u00f3n entre la familia, logrando as\u00ed retratos llenos de emoci\u00f3n, y alegr\u00eda, que vivir\u00e1n por siempre en tu familia. \u00bfC\u00d3MO ES LA SESI\u00d3N? Tiene una duraci\u00f3n estimada de 60 a 90 minutos. Tenemos una entrevista previa, donde definimos los detalles del set, el vestuario, y la din\u00e1mica de trabajo. Los guiar\u00e9 en las poses, para tener los retratos m\u00e1s lindos. El d\u00eda de las fotos, todo estar\u00e1 listo, para comenzar, sin demoras. CANTIDAD DE FOTOS Y ENTREGA Te entrego 15 fotos editadas, en alta calidad. Tendr\u00e1s la posibilidad de agregar, de manera opcional, fotos extras al paquete; as\u00ed como tambi\u00e9n, productos impresos: fotolibros, contenedores de fotos, fotocuadros, impresiones, \u00a1y m\u00e1s!. VESTUARIO Se realizan 2 cambios de vestuario, no inclu\u00eddo. Te asesoro respecto de cu\u00e1l es el m\u00e1s adecuado, para tu familia. El Estudio cuenta con cambiador, elementos de aseo. Maquillaje y peinado opcional, muy recomendable para las ni\u00f1as, a partir de los 6 a\u00f1os, y para las mam\u00e1s; le dar\u00e1 un acabado perfecto a tus fotograf\u00edas. FORMA DE TRABAJO Dentro de las 72hs posteriores a la realizaci\u00f3n de la Sesi\u00f3n de Fotos, recibir\u00e1s un muestrario, con todas las fotograf\u00edas, sin editar, con marca de agua, para que hagas la selecci\u00f3n, de las fotos finalistas. Una vez elegidas, deber\u00e1s enviarme los n\u00fameros por E-Mail o por Whatsapp; all\u00ed comienzo el proceso de edici\u00f3n, que puede demorar de 10 a 15 d\u00edas FORMA DE PAGO Y ENTREGA El material final editado, se entrega v\u00eda We Transfer o Google Drive, con link de descarga. Podr\u00e1s abonar con dep\u00f3sito o transferencia bancaria, 50% para reserva de la fecha, 50% hasta 24hs antes de la Sesi\u00f3n. Todos los precios, est\u00e1n sujetos a cambios sin previo aviso NOTA: Ante la existencia de alg\u00fan hecho que impidiera la realizaci\u00f3n de la sesi\u00f3n contratada en la fecha prevista, la se\u00f1a abonada ser\u00e1 imputada a la realizaci\u00f3n de futura sesi\u00f3n dentro de los 12 meses posteriores a la fecha de pago de la misma y a cuenta de precio vigente de dicha sesi\u00f3n al momento de realizarse.<\/p>\n","protected":false},"author":1,"featured_media":0,"parent":0,"menu_order":0,"comment_status":"closed","ping_status":"open","template":"","meta":{"footnotes":""},"class_list":["post-46","page","type-page","status-publish","hentry"],"_links":{"self":[{"href":"https:\/\/pauca.com.ar\/index.php?rest_route=\/wp\/v2\/pages\/46","targetHints":{"allow":["GET"]}}],"collection":[{"href":"https:\/\/pauca.com.ar\/index.php?rest_route=\/wp\/v2\/pages"}],"about":[{"href":"https:\/\/pauca.com.ar\/index.php?rest_route=\/wp\/v2\/types\/page"}],"author":[{"embeddable":true,"href":"https:\/\/pauca.com.ar\/index.php?rest_route=\/wp\/v2\/users\/1"}],"replies":[{"embeddable":true,"href":"https:\/\/pauca.com.ar\/index.php?rest_route=%2Fwp%2Fv2%2Fcomments&post=46"}],"version-history":[{"count":4,"href":"https:\/\/pauca.com.ar\/index.php?rest_route=\/wp\/v2\/pages\/46\/revisions"}],"predecessor-version":[{"id":243,"href":"https:\/\/pauca.com.ar\/index.php?rest_route=\/wp\/v2\/pages\/46\/revisions\/243"}],"wp:attachment":[{"href":"https:\/\/pauca.com.ar\/index.php?rest_route=%2Fwp%2Fv2%2Fmedia&parent=46"}],"curies":[{"name":"wp","href":"https:\/\/api.w.org\/{rel}","templated":true}]}}